mainder when 336 is divided by 85?
81
What is the remainder when 117 is divided by 8?
5
What is the remainder when 3049 is divided by 71?
67
Calculate the remainder when 362 is divided by 61.
57
What is the remainder when 59 is divided by 25?
9
Calculate the remainder when 328 is divided by 33.
31
What is the remainder when 168 is divided by 86?
82
What is the remainder when 65 is divided by 21?
2
Calculate the remainder when 1229 is divided by 56.
53
Calculate the remainder when 6326 is divided by 699.
35
What is the remainder when 353 is divided by 51?
47
Calculate the remainder when 5216 is divided by 87.
83
What is the remainder when 1366 is divided by 228?
226
Calculate the remainder when 362 is divided by 39.
11
Calculate the remainder when 223 is divided by 19.
14
What is the remainder when 25 is divided by 23?
2
Calculate the remainder when 29 is divided by 19.
10
Calculate the remainder when 231 is divided by 48.
39
What is the remainder when 1303 is divided by 432?
7
Calculate the remainder when 269 is divided by 12.
5
What is the remainder when 164 is divided by 36?
20
What is the remainder when 349 is divided by 71?
65
Calculate the remainder when 88 is divided by 26.
10
Calculate the remainder when 125 is divided by 9.
8
Calculate the remainder when 271 is divided by 16.
15
Calculate the remainder when 340 is divided by 43.
39
Calculate the remainder when 973 is divided by 25.
23
What is the remainder when 88 is divided by 32?
24
Calculate the remainder when 874 is divided by 25.
24
Calculate the remainder when 386 is divided by 22.
12
What is the remainder when 4867 is divided by 56?
51
Calculate the remainder when 337 is divided by 21.
1
What is the remainder when 718 is divided by 16?
14
Calculate the remainder when 2037 is divided by 2024.
13
What is the remainder when 510 is divided by 53?
33
What is the remainder when 119 is divided by 30?
29
What is the remainder when 1072 is divided by 32?
16
What is the remainder when 1929 is divided by 21?
18
What is the remainder when 743 is divided by 64?
39
What is the remainder when 201 is divided by 41?
37
Calculate the remainder when 8674 is divided by 18.
16
What is the remainder when 491 is divided by 18?
5
Calculate the remainder when 96 is divided by 7.
5
Calculate the remainder when 592 is divided by 3.
1
Calculate the remainder when 2681 is divided by 61.
58
What is the remainder when 214 is divided by 206?
8
What is the remainder when 710 is divided by 682?
28
Calculate the remainder when 190 is divided by 24.
22
What is the remainder when 653 is divided by 6?
5
Calculate the remainder when 247 is divided by 73.
28
Calculate the remainder when 48 is divided by 29.
19
What is the remainder when 229 is divided by 57?
1
What is the remainder when 612 is divided by 16?
4
Calculate the remainder when 98 is divided by 10.
8
Calculate the remainder when 301 is divided by 28.
21
What is the remainder when 465 is divided by 56?
17
Calculate the remainder when 209 is divided by 15.
14
Calculate the remainder when 82 is divided by 8.
2
Calculate the remainder when 276 is divided by 70.
66
What is the remainder when 1078 is divided by 23?
20
What is the remainder when 30 is divided by 17?
13
What is the remainder when 1791 is divided by 39?
36
Calculate the remainder when 1467 is divided by 209.
4
Calculate the remainder when 744 is divided by 57.
3
Calculate the remainder when 425 is divided by 10.
5
What is the remainder when 896 is divided by 236?
188
What is the remainder when 557 is divided by 62?
61
What is the remainder when 36 is divided by 13?
10
What is the remainder when 3841 is divided by 23?
0
Calculate the remainder when 601 is divided by 32.
25
Calculate the remainder when 444 is divided by 89.
88
What is the remainder when 89 is divided by 24?
17
Calculate the remainder when 46 is divided by 38.
8
Calculate the remainder when 4581 is divided by 7.
3
Calculate the remainder when 679 is divided by 3.
1
What is the remainder when 14 is divided by 9?
5
Calculate the remainder when 578 is divided by 7.
4
Calculate the remainder when 1032 is divided by 5.
2
What is the remainder when 154 is divided by 8?
2
Calculate the remainder when 379 is divided by 16.
11
Calculate the remainder when 313 is divided by 156.
1
Calculate the remainder when 628 is divided by 58.
48
Calculate the remainder when 422 is divided by 188.
46
What is the remainder when 70 is divided by 21?
7
What is the remainder when 163 is divided by 28?
23
What is the remainder when 280 is divided by 49?
35
What is the remainder when 33 is divided by 12?
9
Calculate the remainder when 120 is divided by 23.
5
Calculate the remainder when 110 is divided by 35.
5
Calculate the remainder when 3740 is divided by 43.
42
What is the remainder when 441 is divided by 17?
16
Calculate the remainder when 1118 is divided by 365.
23
What is the remainder when 61 is divided by 18?
7
Calculate the remainder when 504 is divided by 136.
96
Calculate the remainder when 174 is divided by 44.
42
What is the remainder when 114 is divided by 30?
24
Calculate the remainder when 3312 is divided by 21.
15
What is the remainder when 474 is divided by 22?
12
Calculate the remainder when 319 is divided by 132.
55
Calculate the remainder when 4282 is divided by 15.
7
What is the remainder when 207 is divided by 43?
35
What is the remainder when 177 is divided by 18?
15
What is the remainder when 283 is divided by 71?
70
Calculate the remainder when 2212 is divided by 27.
25
What is the remainder when 223 is divided by 15?
13
What is the remainder when 1486 is divided by 738?
10
What is the remainder when 41 is divided by 12?
5
What is the remainder when 109 is divided by 5?
4
Calculate the remainder when 288 is divided by 81.
45
What is the remainder when 173 is divided by 16?
13
Calculate the remainder when 426 is divided by 233.
193
Calculate the remainder when 429 is divided by 422.
7
What is the remainder when 346 is divided by 340?
6
What is the remainder when 673 is divided by 27?
25
What is the remainder when 542 is divided by 246?
50
Calculate the remainder when 71 is divided by 12.
11
What is the remainder when 177 is divided by 60?
57
What is the remainder when 199 is divided by 96?
7
Calculate the remainder when 687 is divided by 46.
43
Calculate the remainder when 1427 is divided by 28.
27
Calculate the remainder when 351 is divided by 246.
105
What is the remainder when 93 is divided by 34?
25
Calculate the remainder when 183 is divided by 93.
90
Calculate the remainder when 689 is divided by 17.
9
Calculate the remainder when 1108 is divided by 139.
135
Calculate the remainder when 3195 is divided by 123.
120
Calculate the remainder when 17112 is divided by 22.
18
Calculate the remainder when 61 is divided by 33.
28
Calculate the remainder when 806 is divided by 27.
23
What is the remainder when 239 is divided by 188?
51
Calculate the remainder when 291 is divided by 43.
33
Calculate the remainder when 3 is divided by 3.
0
What is the remainder when 1271 is divided by 22?
17
Calculate the remainder when 3037 is divided by 20.
17
Calculate the remainder when 127 is divided by 113.
14
Calculate the remainder when 87 is divided by 72.
15
What is the remainder when 121 is divided by 61?
60
What is the remainder when 69 is divided by 6?
3
Calculate the remainder when 205 is divided by 106.
99
What is the remainder when 860 is divided by 62?
54
Calculate the remainder when 14539 is divided by 111.
109
Calculate the remainder when 71999 is divided by 14.
11
Calculate the remainder when 2276 is divided by 49.
22
Calculate the remainder when 1653 is divided by 1642.
11
What is the remainder when 323 is divided by 93?
44
What is the remainder when 69 is divided by 28?
13
Calculate the remainder when 2941 is divided by 92.
89
Calculate the remainder when 929 is divided by 185.
4
What is the remainder when 229 is divided by 61?
46
Calculate the remainder when 28249 is divided by 28.
25
Calculate the remainder when 11173 is divided by 37.
36
Calculate the remainder when 2055 is divided by 147.
144
What is the remainder when 62 is divided by 42?
20
Calculate the remainder when 2738 is divided by 20.
18
What is the remainder when 411 is d